= -3*n. What is the units digit of n?
1
Let k be 19/(-19) - -1*4. Suppose -9 = -k*q + 6. What is the tens digit of (204/(-30))/((-1)/q)?
3
Let r = 268 - 99. Let y = r - 76. What is the units digit of y?
3
Suppose 86*g + 2966 = 88*g. What is the tens digit of g?
8
Suppose -4*y + 5*u = -37, 4*y = 2*u - u + 17. Suppose -q = -4*f - 2, 2*q = -y*f + 6*q - 8. Suppose f*h + 8 = 2*h. What is the units digit of h?
4
Suppose 2*k - 8 = 0, -5*k + 97 = -2*r - 5. Let o = r - -57. What is the units digit of o?
6
Let p(v) = 1722*v + 133. What is the thousands digit of p(3)?
5
Suppose 10*a - 7*a + 1871 = 2*s, 4*a = -s + 919. What is the hundreds digit of s?
9
Suppose -l - 1699 = -3*n, 5*n = -l + 414 + 2423. What is the hundreds digit of n?
5
Let h = -1511 + 1764. What is the units digit of h?
3
Suppose 3 = -2*j - 3*c, j - 3*c - 19 + 7 = 0. Let a(r) = 2*r + 2 + 2*r**2 - 6*r + 0*r**2 + j*r. What is the tens digit of a(-3)?
2
Suppose a - 165 = y, 360 = 2*a + 6*y - 2*y. What is the tens digit of a?
7
Let d(x) = -x**3 - 7*x**2 + 26*x - 7. What is the units digit of d(-13)?
9
Let x(z) = -z**2 - 15*z - 30. Let t(a) = -15*a - 29. Let k(w) = 4*t(w) - 3*x(w). What is the units digit of k(-8)?
6
Suppose -2*t + 9 = 3*d, -3*t + d = -d + 6. Suppose t = -5*l + 260 + 1065. What is the hundreds digit of l?
2
Let a = 6593 - 2423. What is the thousands digit of a?
4
Let x = 295 + 243. Suppose -x = -2*b - 0*b. What is the units digit of b?
9
Let q = -45 - -78. Let w be ((-19)/2)/((-8)/(-16)). Let a = w + q. What is the units digit of a?
4
Let a(l) = l**3 + 14*l**2 + 2*l + 5. Let u be a(-13). Suppose 155 = 3*i - u. What is the tens digit of i?
0
Suppose -53 = -p - 3*u + 257, 3*p + u - 906 = 0. What is the tens digit of p?
0
Suppose -17 - 1 = -3*i. Suppose -i*b + 413 + 901 = 0. What is the hundreds digit of b?
2
What is the units digit of (9/(-6))/((-2)/((-1016)/(-3)))?
4
Let b = 6 + -2. Let x(r) = -b + 9*r**2 + 1 - 4 + 0*r - 4*r + r**3. What is the units digit of x(-9)?
9
Suppose 3*s + s = 0. Suppose 40 = -k - 5*a, s = -2*k - a - 27 - 8. What is the units digit of (-9)/k + (-22)/(-5)?
5
Let v be 4/(-22) + 5490/66. Let c = 156 - v. Suppose 5*l - 100 = g + 108, -2*l + c = 3*g. What is the tens digit of l?
4
Let t(m) = 9 + 6 - 12 - 111*m. What is the tens digit of t(-2)?
2
Let h = -131 + 152. Let v = 4 - 3. Let q = h - v. What is the units digit of q?
0
Suppose l - 7*y = -3*y + 12, 4*y + 12 = -4*l. Suppose -2*w + 16 = -l*w. Let d = w - -11. What is the units digit of d?
9
Let z(n) = n**3 - 5*n**2 + 4*n + 5. Let m be z(4). Suppose 2*p + m*k = 6, -2*k + 23 = 3*p + 3. What is the tens digit of (-1)/(-4) + 150/p?
1
Let m(b) = b**2 - b - 10. Let y be (0/(-4 - -1))/(-2). Let j be m(y). What is the units digit of 5*((-92)/j)/1?
6
Let m = 58 - -129. Let a = -267 + m. What is the units digit of a/(-12) + (-1)/(-3)?
7
Let s(m) = 21*m - 133. What is the hundreds digit of s(15)?
1
Let h be 4/2*(-12)/(-8). Suppose p - 74 = -v, -h*v + 2*v - 358 = -5*p. What is the units digit of p?
2
Suppose 11*x + 2464 = 15*x. What is the hundreds digit of x?
6
Let u be (-4 + 3)/(1/(-4)). Suppose u*c - 43 = 65. What is the units digit of c?
7
Suppose 47*y + 406 = 49*y. What is the hundreds digit of y?
2
Let h(m) = -2*m + 6. Let t be h(-16). What is the units digit of 6*2/8*t?
7
Let d be (-72)/(-16)*4/6. Suppose 2*k = d*o + 170, -425 = -5*k - 3*o - o. What is the tens digit of k?
8
Let w(i) be the second derivative of -i**8/840 + i**7/2520 - i**5/120 + i**4/4 + i. Let l(u) be the third derivative of w(u). What is the units digit of l(-1)?
8
Let x(j) = 9 + 24*j - 45*j + 26*j + 1 - j**2. Let w = -8 - -13. What is the units digit of x(w)?
0
Suppose -223*h = -239*h + 56368. What is the units digit of h?
3
Let p = -75 + 137. Let d = p - 43. What is the units digit of d?
9
What is the tens digit of (-1674)/(-4) - (-240)/(-96)?
1
What is the units digit of 2*(2 - (-5)/(-2)) - -610?
9
Let d be (-4)/(-12)*3 + 24. Let u = 35 + d. Suppose q + 10 = -q, -5*m - 5*q = -u. What is the tens digit of m?
1
Let r(d) be the third derivative of -d**4/24 - 3*d**3/2 + 11*d**2. What is the units digit of r(-10)?
1
Let i(y) = 4*y**2 - 24*y + 25. What is the hundreds digit of i(14)?
4
Suppose 57*w - 24*w - 149853 = 0. What is the hundreds digit of w?
5
Let r(u) = 69*u**2 - 9. What is the thousands digit of r(-4)?
1
Suppose 15 = 5*t, -2*b - 2 = -0*b - 2*t. Suppose 0 = c - 4*c. Suppose c = -4*s + b*f + 178, 2*s - 2*f = 3*f + 69. What is the tens digit of s?
4
What is the units digit of (-9)/27 + 0 - (-1472)/6?
5
Let a(s) = s + 20. Let o be a(-12). Let z = -4 + o. Suppose 17 = z*l + w, -3*l - 5*w = 2*l - 25. What is the units digit of l?
4
Suppose 4*n = -4*t + 408 + 136, 0 = -4*n - t + 535. What is the units digit of n?
3
Let g(s) = -216*s + 67. What is the units digit of g(-6)?
3
Suppose 0 = -2*b - 4*a + 668, 5*a + 12 = 27. What is the hundreds digit of b?
3
Let v(b) = 5*b - b - 2*b - 2*b**2 + 2 + b**2. Let g be v(4). Let m = g + 12. What is the units digit of m?
6
Suppose -3*p = 4*k - 2083, 0*k + 25 = -5*k. What is the tens digit of p?
0
Suppose -4*q + 3901 = -3*v, 3*q + 2957 = 6*q + 4*v. What is the units digit of q?
9
Suppose w + 60 = 5*g + 6*w, w + 4 = 0. Let l = g - -141. What is the tens digit of l?
5
Suppose -g = -3*g. Suppose k - 23 = -g*k. What is the units digit of k?
3
Let u = 4037 + -2511. What is the hundreds digit of u?
5
Let m be 4/(-5)*-1*(37 - 22). What is the tens digit of (11 - m)/((-1)/64)?
6
Let f be (-1526)/77 + 4/(-22). Let n = 82 + f. What is the units digit of n?
2
Let w = 1160 + -889. What is the units digit of w?
1
Let l(y) = 103*y**2 - 2*y - 21. What is the units digit of l(3)?
0
What is the tens digit of (-3)/(((-178)/59)/1 + 3)?
7
Let d = 617 - 125. What is the tens digit of d?
9
Let r(p) = p**3 + 15*p**2 + 26*p + 18. Suppose 3*c - t + 24 = -2*t, 4*c + 33 = -t. What is the tens digit of r(c)?
7
Suppose -y - 31 = x - 0*x, 2*y + 33 = -x. Let a = x + 207. What is the units digit of a?
8
Let o be -1 + (-1 - 1) + 7. Suppose o*b - 14 = 2*a, 2*b - 14 = b - 3*a. Suppose 5*x = -7*c + 3*c + 24, b*c - 35 = -5*x. What is the units digit of c?
1
Let s = 638 - 525. What is the hundreds digit of s?
1
Suppose -12*v + 3036 = -2172. What is the hundreds digit of v?
4
Suppose -5*i + d + 3278 = 941, -i - 2*d + 474 = 0. What is the hundreds digit of i?
4
Let n = 68 + -43. Suppose 11*k + 92 = 4. Let u = n + k. What is the units digit of u?
7
Let l be (0 - -1)*1*8. Let c(t) be the second derivative of 2*t**3/3 - 11*t**2/2 + 17*t. What is the units digit of c(l)?
1
Suppose -23*o = -2*o - 6321. What is the hundreds digit of o?
3
Suppose -r - 2*g + 2520 = -2767, -g = -5. What is the hundreds digit of r?
2
What is the units digit of (-57920)/(-14) + ((-17)/7)/17?
7
Suppose 0 = 5*c - 0*c + 25. Let k(y) = y**3 + 6*y**2 + 3*y + 6. What is the units digit of k(c)?
6
Let f = -102 + 156. Suppose -5*k = 3*a - 84 - f, -128 = -4*k + 2*a. What is the tens digit of k/(-1 - (-20)/12)?
4
Let l(x) = x**2 + 4*x + 1. Let f be l(4). Let b = -79 + f. Let w = -20 - b. What is the units digit of w?
6
Suppose -k = -2*k - 5, -4*u + 2*k + 18 = 0. Suppose m = -3*v - 6, u*m = -3*m - 2*v - 4. What is the units digit of 2/6*(m + 6)?
2
Suppose -5*v = 5*t - 9 - 91, t - 5*v = 44. Let m = -29 + t. What is the units digit of (4 - (-1 - m)) + 18?
8
Suppose 0 = 5*x + o - 2244, -3*x + 3*o + 486 = -864. What is the hundreds digit of x?
4
Let q be -22 - (0 + -2 + 2). What is the units digit of (2 - -2) + -5 - q?
1
Suppose 4*h = -3*y - 2*y + 9722, 2*y + 7303 = 3*h. What is the hundreds digit of h?
4
Let t(y) be the first derivative of y**4/4 - y**3 - y**2/2 - 5*y - 7. Let u be t(4). Let o(z) = z**2 - 5*z + 3. What is the tens digit of o(u)?
1
Suppose 0 = 16*c - 20139 + 1035. What is the tens digit of c?
9
Let a(h) be the second derivative of -3*h**2 + 5/3*h**3 + 0 - 8*h. What is the tens digit of a(4)?
3
Let h = 9 + -6. Suppose 5*w + 2*z = 16, 3*z - 22 = -5*w - h. Suppose -2*p + 22 = 3*b + b, -2*p - w*b + 20 = 0. What is the units digit of p?
9
Suppose g = -2*r + 50, -4*r + 4*g + 100 = -0*r. Let k = r - 25. Suppose -m + 0*m + 43 = k. What is the units digit of m?
3
Suppose -14*u = -21*u + 11991. What is the thousands digit of u?
1
Suppose -5*c + 6 - 1 = 0. Let a be (1 - 1)